 25. What are the prime factors of r?
2, 17
Let f(z) = -11*z - 26. Let c be f(-4). Suppose 6 = -2*p + 2*s + 90, 4*s = 3*p - 122. Let d = c + p. List the prime factors of d.
2
Suppose -17*b = -18585 - 31327. What are the prime factors of b?
2, 367
Suppose -30*o = -40*o + 4930. List the prime factors of o.
17, 29
Let b(d) = d**2 + 21*d + 434. Let t be b(0). Let x = t + -63. What are the prime factors of x?
7, 53
Let o = 14597 - 6971. List the prime factors of o.
2, 3, 31, 41
Let g(d) be the first derivative of d**4/4 + 11*d**3/3 + 2*d**2 + 6*d - 41. List the prime factors of g(-10).
2, 3, 11
Let v = 19201 + -7806. List the prime factors of v.
5, 43, 53
Suppose 3*j + 1 + 56 = 0. Let g = 99 + j. What are the prime factors of g?
2, 5
Let j(s) = -s**2 - 10*s + 13. Let w be j(-11). Suppose 6*l - 67 = l + 4*d, -w*l = -d - 25. Suppose 10*r = l*r - 32. What are the prime factors of r?
2
Let l(b) = 64*b**3 + 41*b**2 - 264*b - 7. What are the prime factors of l(6)?
13709
Let a = -13474 - -26387. List the prime factors of a.
37, 349
Let a = 46 + -43. Suppose -2*b + b = f + 12, a*f - b + 24 = 0. Let o(v) = v**3 + 10*v**2 - 2*v - 29. What are the prime factors of o(f)?
2, 5, 7
Let n = 3 - -7. Let h = 4 + n. Suppose -4*c - 190 = -h*c. List the prime factors of c.
19
Let u(h) = -9*h**3 + 4*h**2 + 19*h + 21. List the prime factors of u(-4).
3, 5, 13
Let h = -35938 - -73741. What are the prime factors of h?
3, 12601
Let t be (2 + -1)*(-89 - 0). Let b = 17 - t. Suppose 5*z - b - 24 = 0. List the prime factors of z.
2, 13
Let f = 13 + -8. What are the prime factors of 3197/f + (-28)/70?
3, 71
Suppose -38*j + 87 = -67*j. What are the prime factors of 3/(10836/(-32751) + j/(-9))?
1213
Suppose -20*l + 185 = -35. Suppose 0 = l*b - 5439 - 171. List the prime factors of b.
2, 3, 5, 17
Let h = -333 + -112. Let y = h - -522. List the prime factors of y.
7, 11
Suppose -42 = -21*j + 42. Suppose 2*g = -j*d + g + 617, d + 4*g - 158 = 0. List the prime factors of d.
2, 7, 11
Let u = -5658 + 3345. Let n = -1471 - u. List the prime factors of n.
2, 421
Suppose 0 = 7*i + i - 5208. Let f = -376 + i. List the prime factors of f.
5, 11
Let u be (-4*14)/(25/50). Let v = 356 + u. Suppose -v = -d - 3*d. What are the prime factors of d?
61
Suppose 6*j + 33 = -15. Let v be j - -1056 - (-3 + 2). Let a = v - 746. List the prime factors of a.
3, 101
Let f(u) = 2*u - 34. Let a be f(15). Let z be a/(-18) - (-7)/9 - -2. Suppose i - z*i + 66 = 0. What are the prime factors of i?
3, 11
List the prime factors of (-91)/((-3549)/(-39156))*130/(-4).
2, 5, 13, 251
Let r = -3173 + 7748. What are the prime factors of r?
3, 5, 61
Suppose 0 = 7*p - 15*p - 35064. List the prime factors of ((-16)/(-24))/((-1)/p*2).
3, 487
Let h be (-279)/36*3/((-3)/172). Suppose 13*v + h = 12916. List the prime factors of v.
3, 11
Let f = 2923 - -6533. List the prime factors of f.
2, 3, 197
Let i = -1276 - -10071. What are the prime factors of i?
5, 1759
Suppose -14425 = -1058*r + 1053*r. Let u = r + -2042. What are the prime factors of u?
3, 281
Let z be ((-2)/(-2) - 120/(-20)) + 3. What are the prime factors of 5964/z - (66/15 + -4)?
2, 149
Let p = 694 - 465. Let i = p + -216. List the prime factors of i.
13
Suppose 19*d = 8*d - 22*d + 452991. List the prime factors of d.
7, 37, 53
Let y(l) = 2682*l**3 + l**2 - 149*l + 148. What are the prime factors of y(1)?
2, 3, 149
Let b be (-6)/3 + -3 - -10. Suppose 430 = n + 5*p, 10*p - 5*p + 2090 = b*n. List the prime factors of n.
2, 3, 5, 7
List the prime factors of (-46)/(7728/414666)*20/(-3).
3, 5, 1097
Let v be (13/(-3))/((-5 + 9)/(-2676)). Suppose 4*t - 929 = v. Suppose 82 = -5*l + t. What are the prime factors of l?
5, 7
Let u = 0 + 3. Suppose -408*p + 413*p - 385 = 0. Suppose p = a - u. What are the prime factors of a?
2, 5
Let x be 2/(1 - 7)*(-1789 - 32). Let u(r) = 16*r**2 - 3*r - 3. Let s be u(-5). Let z = x - s. What are the prime factors of z?
3, 5, 13
List the prime factors of 25071921/522*2/7.
13723
Let j(d) = d**3 - 8*d - 19. Let z be j(14). Suppose -z = 13*h + 2509. Let s = h + 677. What are the prime factors of s?
283
Let d be 320 + 3*(7 + -9). Suppose d = 4*f - 98. List the prime factors of f.
103
Suppose -4*f + 81 = 13. Let g = f - 17. List the prime factors of (g - -32 - -3) + -1*3.
2
List the prime factors of 19 - -29476 - (-4 + 1)*-3.
2, 23, 641
Let z = -366 - -1087. Suppose -49 = -5*u + z. Let d = u + -81. What are the prime factors of d?
73
Suppose 0 = 15*w + w - 26224. Suppose 2*j = 7*j + 2*q - w, -3*j = -2*q - 993. List the prime factors of j.
7, 47
Let x(c) = c - 11. Let j = 40 - 26. Let n be x(j). Suppose 5*z + 2*m - 510 = 0, 4*z + 0*z - n*m = 431. What are the prime factors of z?
2, 13
Let m(n) = 668*n**2 - 73*n + 207. Let c be m(3). Suppose -372*o + c = -368*o. What are the prime factors of o?
2, 3, 5
Let l(a) = 29*a**2 + 127*a + 127. List the prime factors of l(-17).
7, 907
Suppose 33144 = 2*r + 3*u, -2*r + u + u + 33174 = 0. What are the prime factors of r?
3, 5527
Let y be (-126)/35 - (-4)/(-10). Let t = 51 + y. What are the prime factors of t?
47
Let m(g) = g**3 - g + 1. Let t(l) = 5*l**3 + 16*l**2 - 18*l - 4. Let i(d) = m(d) - t(d). What are the prime factors of i(-6)?
191
List the prime factors of ((-28622)/(-66))/((-9)/(-27)).
1301
Let v(k) = -k**3 + 14*k**2 + k - 3. Let y be v(14). List the prime factors of (y/(-22))/(((-6)/2252)/3).
563
Suppose 11*f - 3160 = -4*o + 8*f, 2*o - 1594 = -5*f. Let x = o + -265. List the prime factors of x.
2, 3, 29
Suppose 4*j + 4*m = 36, -6 = 3*j - 5*m + 7. Suppose 0 = 4*h - 3*g - 4263, -h - j*g = 4*h - 5352. What are the prime factors of h?
2, 3, 89
Suppose -4*h + 2*w + 96 = -0*h, 4*w + 96 = 4*h. Suppose h*y - 30 = 9*y. Suppose -8*o = -4*o - j - 549, 3*j = -y*o + 285. What are the prime factors of o?
2, 3, 23
Let m = 14 + 39. Suppose -608 = -3*w - w. Suppose -49*c + m*c - w = 0. List the prime factors of c.
2, 19
Let l be (-30)/(-21) - (-3)/(-7). Let s(y) = l + 2*y - 1 + y**2 - 4. List the prime factors of s(-9).
59
Suppose 4*m - 2564 = -4*s, 1303 = 34*m - 32*m - 5*s. What are the prime factors of 850540/m - 3/((-21)/2)?
1321
Suppose -3*l = 8*v - 194750, 2*v + 169394 = 2*l + 39502. List the prime factors of l.
2, 3, 79, 137
Let y = -3612 + 4618. What are the prime factors of y?
2, 503
Suppose -3*c = -3*c - c. Suppose c = -l - 4, -4*t - 5*l - 1 = 7. Let m(v) = 12*v. List the prime factors of m(t).
2, 3
Let p be 0*2/(-8) - -3. Let h(w) = w + 5*w**3 - 10*w**3 + 2*w + p + 0. List the prime factors of h(-3).
3, 43
Let i(w) = -1041*w - 1097. List the prime factors of i(-8).
7, 1033
Let x = -36402 - -53675. What are the prime factors of x?
23, 751
Let f be (-3)/((-6)/4) + 14 + -3. Suppose -f*z + 2*v = -10*z - 673, v = 3*z - 668. What are the prime factors of z?
13, 17
Let j(k) = k - 14. Let p be j(23). Suppose -2*o - o = -5*q + 20, -2*o = q + p. List the prime factors of (-20)/(-8)*(q - (-11 + -2)).
5, 7
Suppose 46922 = -107*r - 116*r + 160875. What are the prime factors of r?
7, 73
Let h(o) = -3*o**3 + 2*o**3 - 2*o - 1 - 3*o - 5*o. List the prime factors of h(-4).
103
Let t = -110 - -125. Let k(d) = 80*d - 176. List the prime factors of k(t).
2
Suppose l + 2*l = -3*s - 315, -3*l + 485 = -5*s. Suppose 2*d - 232 = -q, 5 = -216*d + 211*d. List the prime factors of (q/15)/((-8)/s).
3, 5, 13
Suppose 3*z - 1 = 5. Suppose -3*m = 4*i - 51, -5*i - 2*m + 25 = -44. Suppose -z = f - i. List the prime factors of f.
13
Suppose 2080*f = 2083*f - 4353. What are the prime factors of f?
1451
Suppose 4*v - 7*o - 17154 = -2*o, 3*v + 5*o - 12883 = 0. List the prime factors of v.
7, 613
Let t = -24664 - -76535. List the prime factors of t.
51871
Let a be (4 + -2)/(4/2)*1376. Suppose -191 = v - 4*p - 453, -2*p + a = 5*v. What are the prime factors of v?
2, 137
List the prime factors of 6/(-2)*10/((-180)/86646).
7, 2063
List the prime factors of (-7)/((-154)/(-352)) - -46973.
46957
Suppose -9*x = -32*x + 69. Suppose y = 5*z - z - 1532, -1142 = -x*z - y. List the prime factors of z.
2, 191
Suppose 20825 = 5*o + x, -25*x + 8317 = 2*o - 22*x. What are the prime factors of o?
2, 2083
Suppose -4*x = -2*a - 62, 4*x - 4*a - 34 = 18. Let b(j) = 2*j**3 + 42*j**2 - 4*j - 79. Let m be b(-21). Suppose -m*f + 393 = x. What are the prime factors of 